p - 4*z. What is the remainder when b is divided by p?
2
Let t(q) = -3*q + 11. Let g be (4/(-10))/((-2)/10). Suppose -33 = -i - g*i. Calculate the remainder when t(-7) is divided by i.
10
Let v(p) = -p**3 + 6*p**2 - 5*p + 8. What is the remainder when 45 is divided by v(5)?
5
Let m(n) = -n**3 + 7*n**2 + 3*n + 6. Let s be m(6). Let v = s + -37. What is the remainder when v is divided by 12?
11
Suppose 5*g + 3*m - 5*m - 23 = 0, -30 = -5*g - 5*m. What is the remainder when (-6)/27 + 83/9 is divided by g?
4
Let g be (36/30)/(4/10). Suppose -2*z - 15 = -5*h + g*z, 2*h - 5*z - 3 = 0. Let r = 26 - 15. Calculate the remainder when r is divided by h.
3
Let v(x) = 6*x - 34. What is the remainder when 24 is divided by v(8)?
10
What is the remainder when 48 is divided by (-20)/(6*(12/9)/(-4))?
8
Let m(n) = -n**2 - 9*n. Let w be m(-9). Suppose w = 2*t - 53 - 7. What is the remainder when t is divided by (-2)/(-8) + 63/4?
14
Let m be -4*(-3)/(-6)*-1. Let j be -1*3*2/m. Calculate the remainder when 22 is divided by 8*j*3/(-9).
6
Let t = 43 + -20. Let a = t + -9. Suppose -3*u + 56 = a. What is the remainder when 40 is divided by u?
12
Let z be 6/(-9)*1*3. Suppose 0 = -2*o + 3*o - 10. What is the remainder when 77/2 + 1/z is divided by o?
8
Suppose 4*h - 2 = -14, 5*h = 3*u - 69. Calculate the remainder when 66 is divided by u.
12
Let k(w) = w - 26. Calculate the remainder when 3 is divided by k(29).
0
Let u(t) = -10*t - 6. Let q be u(-3). Suppose 11 + q = x. Calculate the remainder when 139 is divided by x.
34
Let b(a) = -a**2 + a. Let r be b(2). Calculate the remainder when ((-140)/(-8))/((-1)/r) is divided by 9.
8
Suppose -6*b + 5*g = -b + 5, 5*b = -5*g + 25. What is the remainder when 8 is divided by b?
0
Let w(n) = n + 1. Let o be w(1). Calculate the remainder when 0 + (o + -1)*39 is divided by 21.
18
Let l(k) = -9*k**3 - k**2 + 1. Suppose 0*q = -2*m - 2*q, 3*q = 5*m + 8. What is the remainder when l(m) is divided by 20/8*(-2 - (-8)/2)?
4
Let i = 22 + -24. Let u = 16 + i. What is the remainder when 54 is divided by u?
12
Calculate the remainder when (-2)/3 + (-3192)/(-36) is divided by 23.
19
Calculate the remainder when 2 + 1 + 5/(10/96) is divided by 11.
7
Let c = 37 - 29. Calculate the remainder when c is divided by 1 - 1*(-6 + 2).
3
Let q(g) = -g**2 - g + 1. Let k(p) = 8*p**2 - 6*p - 6. Let s(h) = k(h) + 6*q(h). Suppose 3*l + 0*l - 33 = 0. Calculate the remainder when s(8) is divided by l.
10
Let c(r) = -242*r**3 - r**2 + r. Let w be c(1). Let p = 403 + w. Let l = p + -93. What is the remainder when l is divided by 23?
22
What is the remainder when 0 + (-1 - 2) + 25 is divided by -10 - -12 - (1 - 4)?
2
Let w(c) = 3*c**3 + 4*c**2 - 2*c + 6. What is the remainder when w(3) is divided by 30?
27
Let f(k) = -2 - 2*k + 6 - 7. Calculate the remainder when 25 is divided by f(-5).
4
Let x be -6*1*(-12)/(-8). Let k = 28 + x. Calculate the remainder when k is divided by 11.
8
Let q(m) = m**2 - 7*m + 3. What is the remainder when 39 is divided by q(9)?
18
Suppose 85 = 8*b - 3*b. What is the remainder when 31 is divided by b?
14
Let j = 139 - 39. Calculate the remainder when j is divided by 34.
32
Let q(c) = 3*c - 6. Suppose 7*t - 20 = 2*t. Calculate the remainder when 10 is divided by q(t).
4
Let y(l) = l**2 + 2*l - 4. Let k be y(-3). Calculate the remainder when (-8)/k*3 - 2 is divided by ((-2)/6)/((-3)/72).
6
Let m(j) = -3*j. Calculate the remainder when m(-5) is divided by 9.
6
Suppose -2*d = 2*w - 6*d - 80, 120 = 2*w + 4*d. Suppose 0 = -4*t - 5*r + 78, 4*t - 34 = -4*r + 42. Calculate the remainder when w is divided by t.
16
Let t be (-24)/18*3/(-2). Suppose 2*p + t*p = 20. Suppose -4*v = -4*l - 44, -2*v + l + 30 - 6 = 0. Calculate the remainder when v is divided by p.
3
What is the remainder when (-8)/(-6)*(-15)/(-2) is divided by 5?
0
Let i(d) = d**2 - 3*d - 3. Let l be i(5). Suppose -5*m + 4*m + l = 0. What is the remainder when m is divided by 2?
1
Let t(d) = -2*d - 2. Let n be t(-6). Calculate the remainder when (n/3)/(-1)*-9 is divided by 11.
8
Let u(o) = -20*o + 4. Let m be u(2). Let v = -24 - m. Calculate the remainder when 33 is divided by v.
9
Let x be (12/(-9))/(6/27). What is the remainder when 21 is divided by 1/(2/x) - -14?
10
Let m = 11 + 15. What is the remainder when m is divided by 14?
12
Let k be -2 + 2 - (-1 - -1). Let a = 12 - k. What is the remainder when 23 is divided by a?
11
Let d(v) = 6*v**2 + 19*v**3 - v + 7*v - 18*v**3 + 2 - 2*v. Let f be d(-5). Suppose y - f = 9. What is the remainder when 30 is divided by y?
14
Let y(r) = 2*r**3 - 6*r**2 - 5*r - 1. What is the remainder when y(5) is divided by 25?
24
Suppose 0*y - 5*y = 105. Let l = 2 - y. Calculate the remainder when l is divided by 12.
11
Suppose -2*h - 49 = -3*a + 2*a, h = -5*a + 201. Let d be 2*(0 - 3/2). Calculate the remainder when a is divided by 0 + 3*(-14)/d.
13
Let g = 13 + -1. Suppose h + 5 = g. Let m(s) = -s**3 + 9*s**2 - 9*s - 8. Calculate the remainder when m(h) is divided by 15.
12
Let q(d) = 14*d + 48. Calculate the remainder when q(3) is divided by 25.
15
Let l(m) be the second derivative of -2*m**3/3 - m**2 - 4*m. What is the remainder when 8 is divided by l(-2)?
2
Suppose 3*r - 97 = -0*r + 4*n, 5*r = 2*n + 185. Calculate the remainder when 114 is divided by r.
36
Let s = 29 + -27. Suppose -2*v = -u - 4, 2*u - 4*v - 2 = -2*v. What is the remainder when u is divided by s?
0
Let d(i) = 2*i**2 - 14*i + 53. What is the remainder when 200 is divided by d(4)?
26
Let r(p) = p**3 + p**2 + 36. Let u be r(0). Suppose -3*t + 36 = c, -4*c + u = t + 2*t. What is the remainder when t is divided by 7?
5
Let u = -7 + 7. Suppose 1 = -k + 4*l, -3*l - 2*l + 5 = u. Calculate the remainder when 1 - 1 - k/(-1) is divided by 1.
0
Let j = 74 + -43. Let h = -64 + 154. What is the remainder when h is divided by j?
28
Let l(r) = -4*r**2 - 13*r - 14. Let s(i) = i**2 + 4*i + 5. Let g(n) = -2*l(n) - 7*s(n). What is the remainder when g(6) is divided by 6?
5
Let y be -2 + (5/(-1))/(-1). Suppose -42 = -3*n - y*s, 4*n = 2*n + 2*s + 40. Calculate the remainder when n is divided by 6.
5
Let b = -1 - -6. Let y = b - 9. Let v = y + 6. What is the remainder when 5 is divided by v?
1
Suppose -5*j - 13 = -43. What is the remainder when 20 + (-5 - (-1 + -1)) is divided by j?
5
Let o(t) = -t**3 + 2*t - 2 + t**2 + 1 - t**3 + t**3. What is the remainder when o(-2) is divided by 3?
1
Let z(o) = o**2. Calculate the remainder when 6 is divided by z(2).
2
Let s(w) = -w**2 - 9*w - 9. Suppose 2*f = 5*b - 21 + 89, 2*b = -2*f + 68. Calculate the remainder when f is divided by s(-6).
7
Suppose -2*p + 21 = -q, 0 = -4*q + q + 9. Suppose 0*v - 3*v = -p. Suppose s - v = 15. Calculate the remainder when s is divided by 7.
5
Suppose -q + 5*g - 6 = 0, q - 2*q + g - 10 = 0. Let u = -20 + 5. Let w = q - u. Calculate the remainder when 10 is divided by w.
2
Let y = -14 + 43. Calculate the remainder when y is divided by 8.
5
Suppose v = -0*v - 2*r + 10, 4*v = -4*r + 28. Suppose 0 = -4*j - 0*j - v. Let u = j - -4. Calculate the remainder when 5 is divided by u.
2
Let f = 7 - 15. Let o(w) = w**2 + 7*w - 5. Let g be o(f). Suppose 0 = a + j - 4, -g*a + j + 7 = -j. What is the remainder when 5 is divided by a?
2
Suppose 0 = -3*u + 2*u + 19. What is the remainder when u is divided by 10?
9
Let b be (-1)/2*(-18)/1. Suppose -2 = 6*d - 4*d + 4*n, 3*d = -2*n + b. Calculate the remainder when 13 is divided by d.
3
Let h(d) = 2*d**2 - 2*d - 1. What is the remainder when 90 is divided by h(-3)?
21
Let y = 16 + -12. What is the remainder when 10 is divided by y?
2
Let s = 19 + -35. Let i be s/20*(-10)/4. Suppose -3*p + i*p = -19. Calculate the remainder when p is divided by 7.
5
Calculate the remainder when 23 is divided by (4 - 33/6)*28/(-6).
2
Let q = -9 + 1. What is the remainder when (-4 + 5/((-50)/(-42)))*115 is divided by (-2)/q + (-62)/(-8)?
7
Let i(y) = y + 4*y + 0*y - 1. What is the remainder when 15 is divided by i(2)?
6
Let y = 1 - 1. Let z(p) = -4*p**3 + 5*p**3 - 2*p**2 + 6 + 3*p**2. What is the remainder when 16 is divided by z(y)?
4
Let t = 42 - 21. Suppose 2*z + x = 3*z - 1, t = z + 3*x. Suppose -2*m = -66 - z. Calculate the remainder when m is divided by 13.
10
Let j = 20 - 16. Let y be 0/((-1)/(-1) + 0). Suppose -i = -